e 7, what is -30225 - -53?
-30142
In base 4, what is 33021133 + -11?
33021122
In base 8, what is -13 - 306?
-321
In base 11, what is 4 + 1067a?
10683
In base 4, what is 1023 - 123113?
-122030
In base 7, what is 51 - 3302?
-3221
In base 5, what is -23104 - 402?
-24011
In base 6, what is -2250535 + -5?
-2250544
In base 3, what is -100220022012200 - 0?
-100220022012200
In base 9, what is -3 + -8875?
-8878
In base 6, what is -34 + 303404?
303330
In base 10, what is 36 + 4037?
4073
In base 14, what is 50 + -17bb?
-176b
In base 4, what is 1023 - 2221?
-1132
In base 14, what is -84 - -1041?
d9b
In base 13, what is 6 - 8353?
-834a
In base 7, what is -3 + 24441?
24435
In base 7, what is -12652 - -166?
-12453
In base 5, what is 2140 + 102344?
110034
In base 9, what is 6738 - -353?
7202
In base 2, what is 10100110 + -10001111010?
-1111010100
In base 12, what is -2 + 3995?
3993
In base 8, what is -763237 - 15?
-763254
In base 7, what is -2302455 + 2?
-2302453
In base 13, what is 0 + -5a18a?
-5a18a
In base 16, what is -3 + -8ce6c?
-8ce6f
In base 6, what is 21 - -3015323?
3015344
In base 5, what is -1 + 144020?
144014
In base 10, what is -322 + -238?
-560
In base 10, what is 19719 - 2?
19717
In base 11, what is 56 + 684a8?
68553
In base 9, what is 60 + 1?
61
In base 2, what is -1001011011 + -11110?
-1001111001
In base 5, what is -31224 - 30?
-31304
In base 12, what is -10b7 + -6?
-1101
In base 4, what is -1 + 1021201?
1021200
In base 9, what is 2828 - -14?
2843
In base 2, what is -10101000 - -1000100?
-1100100
In base 7, what is -346 + -132?
-511
In base 12, what is 10 + -12974?
-12964
In base 5, what is -240331311 - 2?
-240331313
In base 14, what is 1 - -1672c?
1672d
In base 16, what is -1f - 929?
-948
In base 9, what is 801621 - 1?
801620
In base 9, what is 4626 + 11?
4637
In base 15, what is 48 - -10e?
157
In base 13, what is -18a18 - b?
-18a26
In base 6, what is -3 - -13022503?
13022500
In base 16, what is 6a - -fe?
168
In base 6, what is 1121 + -252?
425
In base 4, what is -113033320 + -10?
-113033330
In base 5, what is -12 - -1033400?
1033333
In base 2, what is 100 + -1000000011100100?
-1000000011100000
In base 14, what is 3 + -2d5a?
-2d57
In base 2, what is 101001000010011 + 110?
101001000011001
In base 8, what is 0 + -36643?
-36643
In base 13, what is c + 3482?
3491
In base 9, what is 820406 - 20?
820376
In base 10, what is -25 - 4552?
-4577
In base 11, what is 6 + 31253?
31259
In base 16, what is 2726 + 3?
2729
In base 3, what is 12200221022 + -11?
12200221011
In base 11, what is -a + 19017?
19008
In base 3, what is -20110222200 + -2?
-20110222202
In base 11, what is 90a7 + 256?
9352
In base 12, what is -1b2 - 136?
-328
In base 4, what is 12201312 - 0?
12201312
In base 2, what is -1010 - 101111000000110101?
-101111000000111111
In base 9, what is 4 - -31665?
31670
In base 12, what is 194269a + -5?
1942695
In base 16, what is -bc17 - c?
-bc23
In base 2, what is 10000 + 11110111111?
11111001111
In base 14, what is 2 - -c15d?
c161
In base 4, what is -210131221 + -2?
-210131223
In base 13, what is 527 - -1a0?
6c7
In base 11, what is -96598 + -18?
-96605
In base 16, what is -83326 - -2?
-83324
In base 3, what is 2 + -202211000?
-202210221
In base 12, what is -1 - a079?
-a07a
In base 11, what is 26311 - 80?
26241
In base 15, what is 4 - -92d6?
92da
In base 15, what is -1d0 - 1133?
-1313
In base 16, what is 15 + -5a3?
-58e
In base 16, what is -5 - 24c12?
-24c17
In base 6, what is -5 - 34321?
-34330
In base 13, what is 4 - 2a343?
-2a33c
In base 3, what is -12200 + -2110?
-22010
In base 12, what is -9a89 + 17?
-9a72
In base 12, what is -4a7 - -b3?
-3b4
In base 11, what is 18 - 4150?
-4133
In base 3, what is -10 - -12121112?
12121102
In base 4, what is -2 - 1123332?
-1130000
In base 9, what is -1 - 435605?
-435606
In base 10, what is -117 - -33?
-84
In base 13, what is 1349 - 33?
1316
In base 12, what is 1 + -2891?
-2890
In base 16, what is 12f85 - -4?
12f89
In base 14, what is 2499 - 7c?
241b
In base 13, what is 2b + -b4c?
-b21
In base 2, what is -1000001110 + -1011100?
-1001101010
In base 12, what is -3 - -86b5?
86b2
In base 15, what is 5 - -34e91?
34e96
In base 15, what is 1 + -b8432?
-b8431
In base 9, what is -3 - 8222?
-8225
In base 15, what is b + -18202?
-181e6
In base 7, what is 6062 - 22?
6040
In base 9, what is 27686 - -5?
27702
In base 12, what is -7 + -12a955?
-12a960
In base 5, what is 4120 + -221?
3344
In base 5, what is -1044 - 1123313?
-1124412
In base 2, what is -1001101 + -101110000010?
-101111001111
In base 10, what is -2 - 547550?
-547552
In base 8, what is -2 + -2007175?
-2007177
In base 8, what is -741 + -10246?
-11207
In base 14, what is 6480 + -7?
6477
In base 2, what is -100011011010 + 1011?
-100011001111
In base 4, what is 12232200213 + 0?
12232200213
In base 11, what is 54561 - -1?
54562
In base 2, what is -100010100 - 10000001110?
-10100100010
In base 4, what is 10103112 - -22?
10103200
In base 10, what is -170932 + -2?
-170934
In base 8, what is -1064 - 3?
-1067
In base 12, what is -3 - -1707?
1704
In base 12, what is -216 - 2b57?
-3171
In base 16, what is 132 + 69?
19b
In base 11, what is 5191 - 8?
5184
In base 5, what is -2 - -341241?
341234
In base 10, what is -4 - 8149?
-8153
In base 7, what is -1 + 256611?
256610
In base 6, what is -4020025 + -3?
-4020032
In base 13, what is -1aab8 - 5?
-1aac0
In base 3, what is 120122 - 2001?
111121
In base 14, what is -8 - -b7d?
b75
In base 9, what is 104 + -127?
-23
In base 10, what is 1921 - 49?
1872
In base 5, what is 3 + -1130324?
-1130321
In base 2, what is 1100111 - -1000?
1101111
In base 5, what is 3 + -144413321?
-144413313
In base 4, what is 1121023 - -11?
1121100
In base 11, what is -4a0 + -101?
-5a1
In base 9, what is -2264 + 878?
-1275
In base 4, what is 1 + -322303122?
-322303121
In base 16, what is -6e + -c9?
-137
In base 7, what is -633 + 6133?
5200
In base 3, what is 0 - 110002220?
-110002220
In base 9, what is -3 - -8862?
8858
In base 15, what is -46e0 - -10?
-46d0
In base 2, what is 1100001 + -10011100?
-111011
In base 2, what is -11 - 100000001010110?
-100000001011001
In base 10, what is -1304562 - -2?
-1304560
In base 16, what is 82d5 - 3?
82d2
In base 4, what is -1201233102 - -3?
-1201233033
In base 15, what is -4 + 145a9d?
145a99
In base 7, what is -1 - 544543?
-544544
In base 4, what is -3 + -33332322?
-33332331
In base 6, what is 10255 - 51?
10204
In base 15, what is -926b + 5?
-9266
In base 16, what is 42f + 11?
440
In base 7, what is -52 + -162?
-244
In base 10, what is 4 + 69177?
69181
In base 13, what is 7a - 1cac?
-1c32
In base 15, what is -2ee - -120?
-1ce
In base 14, what is -cc2b + 2?
-cc29
In base 6, what is 10 + -400035?
-400025
In base 16, what is -1bcb + -5?
-1bd0
In base 11, what is 9 + 3868?
3876
In base 14, what is 39 - 82b?
-7d2
In base 12, what is -2 + 151092?
151090
In base 16, what is -5525 + -1?
-5526
In base 5, what is -4030444 - -12?
-4030432
In base 7, what is -2400 - -35?
-2332
In base 6, what is -2453 - -23520?
21023
In base 2, what is 11000111 + -11000110?
1
In base 2, what is -10 + -110111000110100?
-110111000110110
In base 8, what is 5 + -1466574?
-1466567
In base 9, what is 2188 - -37?
2236
In base 2, what is 100101111011100010111 + 101?
100101111011100011100
In base 10, what is 298302 + 1?
298303
In base 7, what is -4 + 6510420?
6510413
In base 4, what is -22123103110 + -10?
-22123103120
In base 4, what is -2130 + -2311?
-11101
In base 4, what is 130133100 - -20?
130133120
In base 8, what is 2105 - 2505?
-400
In base 15, what is 0 - 6971?
-6971
In base 2, what is 1110001111001011 + -101?
1110001111000110
In base 13, what is 7 - 125?
-11b
In base 11, what is -2181 + 402?
-187a
In base 8, what is -4 - 41527?
-41533
In base 8, what is -1 + 760312?
760311
In base 13, what is -1405 - -19?
-13b9
In base 5, what is 24 + 2220013?
2220042
In base 14, what is -672 + -705?
-d77
In base 10, what is -37 - 627?
-664
In base 12, what is -1 - -25665?
25664
In base 15, what is aaebc - -7?
aaec4
In base 8, what is 3 - 43127?
-43124
In base 2, what is -11 + 11101111011011010?
11101111011010111
In base 11, what is -28a + -16a?
-449
In base 14, what is -60 + -25?
-85
In base 14, what is 90 - 6476?
-63c6
In base 16, what is -34 - -160?
12c
In base 5, wha